6?
1174
Calculate the greatest common divisor of 234584 and 952.
56
Calculate the greatest common divisor of 384 and 3680.
32
Calculate the highest common factor of 388 and 5164.
4
Calculate the greatest common factor of 123716 and 788.
788
Calculate the highest common divisor of 2030603 and 271.
271
What is the highest common divisor of 46 and 10994?
46
Calculate the greatest common factor of 4896 and 30528.
288
Calculate the greatest common divisor of 4268 and 1232.
44
Calculate the highest common divisor of 3650 and 8614.
146
What is the highest common factor of 330 and 26202?
66
What is the highest common divisor of 82187 and 597?
199
Calculate the greatest common factor of 18275 and 8471.
43
What is the highest common divisor of 131 and 3289672?
131
Calculate the highest common divisor of 52 and 18785.
13
Calculate the highest common factor of 492 and 1644.
12
Calculate the highest common factor of 23778 and 18.
18
Calculate the greatest common divisor of 143538 and 1410.
282
Calculate the highest common divisor of 281020 and 20.
20
What is the greatest common factor of 63 and 130725?
63
What is the greatest common divisor of 325 and 6581575?
325
Calculate the highest common factor of 1270 and 810.
10
What is the greatest common factor of 19 and 73169?
19
Calculate the highest common factor of 1430 and 234410.
110
What is the greatest common divisor of 4302 and 115198?
478
What is the greatest common divisor of 5380 and 35?
5
Calculate the greatest common factor of 28 and 141785.
7
What is the greatest common divisor of 57100 and 100?
100
Calculate the greatest common factor of 2958 and 17034.
102
What is the highest common divisor of 22 and 315491?
11
Calculate the greatest common divisor of 20724 and 231.
33
What is the highest common factor of 1516 and 35626?
758
What is the highest common divisor of 55431 and 27?
27
What is the highest common divisor of 171 and 397860?
57
What is the greatest common divisor of 8067 and 3?
3
What is the greatest common factor of 171 and 7923?
57
Calculate the highest common divisor of 257 and 2511404.
257
What is the highest common factor of 6787775 and 1525?
1525
What is the greatest common factor of 15 and 2571660?
15
What is the highest common factor of 16038 and 176?
22
What is the highest common factor of 4693 and 1083?
361
What is the greatest common divisor of 2925 and 1575?
225
What is the highest common factor of 51 and 16732692?
51
What is the greatest common factor of 8772 and 204?
204
Calculate the highest common factor of 7625 and 625.
125
What is the greatest common factor of 186300 and 4761?
207
What is the highest common factor of 54 and 879462?
18
Calculate the greatest common divisor of 8075 and 17425.
425
Calculate the highest common factor of 78 and 18585294.
78
What is the greatest common divisor of 133 and 817?
19
Calculate the highest common divisor of 333 and 171939.
111
Calculate the greatest common divisor of 1291743 and 18.
9
What is the highest common divisor of 46530 and 179190?
990
What is the highest common factor of 86872 and 40?
8
What is the highest common divisor of 2124136 and 224?
56
What is the greatest common divisor of 1149880 and 80?
40
What is the highest common divisor of 124 and 173662?
62
What is the highest common divisor of 2816 and 88?
88
Calculate the greatest common factor of 13022 and 2074.
34
What is the highest common factor of 22 and 716419?
11
What is the greatest common factor of 40986 and 330924?
1518
Calculate the highest common factor of 1503 and 642449.
167
What is the highest common factor of 230850 and 95?
95
Calculate the highest common factor of 6875 and 165.
55
What is the greatest common divisor of 106928 and 410?
82
Calculate the highest common factor of 70 and 2233.
7
What is the greatest common factor of 2390844 and 372?
372
Calculate the greatest common divisor of 20 and 2720530.
10
What is the highest common divisor of 128352 and 12?
12
Calculate the highest common divisor of 255 and 20775.
15
Calculate the greatest common divisor of 133485 and 363.
33
Calculate the highest common divisor of 23511 and 51.
51
Calculate the greatest common factor of 100772 and 366.
122
What is the greatest common divisor of 380364 and 638?
58
Calculate the highest common divisor of 318365 and 615.
205
Calculate the highest common divisor of 3138 and 894.
6
Calculate the highest common divisor of 1626918 and 526.
526
Calculate the greatest common factor of 272 and 12272.
16
Calculate the greatest common divisor of 32042 and 592.
74
What is the highest common divisor of 3901 and 470?
47
What is the greatest common factor of 22 and 52723?
11
Calculate the highest common factor of 4974 and 177406.
1658
What is the greatest common factor of 4544 and 58304?
64
Calculate the highest common divisor of 156429 and 728.
91
What is the greatest common factor of 26327 and 7?
7
Calculate the highest common factor of 728 and 154232.
104
Calculate the greatest common factor of 133 and 183179.
19
Calculate the greatest common divisor of 592947 and 18.
9
Calculate the greatest common divisor of 134 and 237247.
67
Calculate the highest common divisor of 8 and 33076.
4
What is the highest common factor of 203 and 377?
29
Calculate the highest common divisor of 243660 and 248.
124
Calculate the highest common factor of 616063 and 153.
17
What is the greatest common divisor of 1524 and 35941?
127
Calculate the highest common divisor of 9955596 and 276.
276
What is the highest common factor of 65 and 4135?
5
What is the greatest common factor of 154215 and 1449?
207
Calculate the highest common factor of 561 and 713966.
187
Calculate the greatest common factor of 276 and 31764.
12
What is the highest common factor of 1632 and 536?
8
What is the greatest common divisor of 65117 and 13?
13
What is the highest common divisor of 2879752 and 179?
179
What is the highest common factor of 22701 and 50337?
987
Calculate the highest common factor of 2920 and 114610.
730
Calculate the highest common divisor of 142276 and 4.
4
What is the greatest common factor of 282 and 4794?
282
Calculate the greatest common divisor of 126 and 18949.
7
Calculate the highest common factor of 3705 and 98865.
195
What is the greatest common factor of 338 and 419718?
26
What is the greatest common factor of 411620 and 220?
220
Calculate the highest common factor of 45150 and 6150.
150
What is the greatest common divisor of 1805128 and 7147?
1021
Calculate the highest common factor of 166 and 1507778.
166
Calculate the highest common divisor of 13270 and 1055.
5
Calculate the greatest common factor of 58682 and 185.
37
What is the highest common divisor of 22190778 and 1013?
1013
Calculate the greatest common divisor of 2916 and 441.
9
What is the greatest common divisor of 81951 and 10443?
177
Calculate the greatest common divisor of 23 and 312294.
23
What is the highest common factor of 1358 and 58200?
194
What is the greatest common divisor of 14980 and 1855?
35
What is the highest common divisor of 432 and 4932?
36
Calculate the highest common divisor of 292032 and 19872.
864
Calculate the highest common factor of 441 and 1407.
21
Calculate the highest common factor of 6844 and 2204.
116
Calculate the highest common factor of 630 and 63567.
63
What is the greatest common divisor of 100 and 178300?
100
What is the highest common divisor of 11327 and 482?
241
What is the greatest common factor of 320 and 331040?
160
Calculate the greatest common factor of 87522 and 1392.
174
Calculate the greatest common factor of 1280 and 15424.
64
Calculate the greatest common factor of 1 and 473021.
1
What is the greatest common factor of 38136 and 427?
7
Calculate the greatest common divisor of 24 and 1686036.
12
Calculate the highest common divisor of 297 and 50061.
33
What is the highest common factor of 1617 and 48783?
21
Calculate the greatest common factor of 288 and 30.
6
Calculate the highest common factor of 216387 and 9.
9
What is the greatest common factor of 40240 and 160?
80
What is the highest common divisor of 2496 and 36384?
96
What is the greatest common factor of 999701 and 214?
107
Calculate the highest common divisor of 774 and 3365352.
774
Calculate the greatest common divisor of 369221 an